 -20)) + 0 + -1 - (8 + -14)?
17
(-233 - -298) + 1 + -84
-18
What is the value of (-31 - -39) + 0 + -49 - (14 + (-17 - 7))?
-31
What is the value of (33 - (70 - 25)) + 43?
31
Evaluate (1 - 35) + 59 - -25.
50
Calculate -25 + -6 + 13 + 12 + -33.
-39
What is 43 + (-161 - -150) + 34 + 0?
66
What is the value of 3 - ((9 - 1 - 15) + 20) - -7?
-3
Calculate 1 + 5 + (27 + -25 - (-7 + -8)).
23
Calculate -25 - 1 - 33 - 6.
-65
What is the value of 8 + -100 + (7 - -10 - 15 - 13)?
-103
Calculate (51 - -1) + 3 + 9 + -74 + 68.
58
What is the value of -3390 + 3389 - (3 + -1 - 89)?
86
What is -6 + 129 + -126 + (-2 - 0 - -9)?
4
What is the value of -15 + ((-14 - (12 + -3)) + 11 - -18)?
-9
(16 - 25) + -9 + (-5 - -12) + 2
-9
What is 6 + -2 + (9 - 2) + -1 - -3?
13
Evaluate -12 - (-4 - (17 - (-7 - -12))).
4
Evaluate -4 + -2 - -4 - 1 - (46 + -35).
-14
What is the value of -43 - (1350 + -1349 + (13 + -1 - -1))?
-57
Evaluate (5 - 8) + -2 + 80 + 2 + (466 - 455).
88
-67 - (-68 + 74) - -177
104
Evaluate 36 - (154 - (229 - 77)).
34
(-36 - -22 - ((-24 - -5) + 3)) + -12 + 116
106
What is -2 + -3 - ((-15 - 128) + -12) - 17?
133
What is the value of -3 + -11 + 9 + (-5 - (-7 - -3)) + 1?
-5
What is the value of -61 - -39 - -34 - (-1 - -8)?
5
5 - (430 + -512 - (1 + -1 + 10)) - 10
87
What is -9 - (-10 + 62 + 4)?
-65
What is 0 + 20 - (-101 + 167 - 76)?
30
Calculate (13 - 16) + 1 + -8 + (14 - 11 - 14).
-21
Evaluate (45 + 11 - 46 - 53) + -49.
-92
What is -77 - (-21 + -56 + 71)?
-71
What is -59 + -4 - 1 - (-33 - (-45 + 22))?
-54
(12 - 2) + -4028 + 3974
-44
What is 89 + 1 + -43 + -13?
34
Evaluate 21 + 2 + 25 - 76.
-28
Evaluate -8 + -42 + 66 - 33.
-17
What is the value of -21448 + 21374 + 1 + 48?
-25
(7 - 24) + 4 - (-7 + -24 + -18)
36
(64 - 17) + (2 - -2) + -38 + 40
53
Calculate 39 - (33 + -8) - (-20 + -6 + 10).
30
What is 3 + -42 + 3 - (-38 + 29 + -6 + 8)?
-29
Evaluate (15 + 1 - -2 - 1) + 417 + -402.
32
(87 - (53 + -9) - -40) + 1 + 0 + -5
79
What is 11 - (89 + -57 + -26)?
5
-6 + 10 + -9 + 33 - (-13 - (-2 + -12))
27
Calculate (-30 - -1 - (-438 - -452)) + 18.
-25
What is (-3 - 0) + -12 + (0 - -2) + (142 - 155)?
-26
Calculate 22 - -10 - (29 + -19).
22
What is -12 + (-3 - (13 + -20 + (-3 - 0))) + -45?
-50
What is (5 + -77 + 3 - 0) + (-1564 - -1543)?
-90
What is 119 - (-130 + (373 - 30))?
-94
7 - (5 + -5 + -11 + 15 + 1)
2
What is the value of (1915 - 1911) + (-1 - -1 - 1) - (63 - 2)?
-58
What is 70 - (110 + -101 + 59)?
2
2 + -6 + (8 - 0) + -4 + -17 - -9
-8
What is -19 + 11 - 0 - (0 + -13)?
5
What is 0 + 22 - (-382 + 452)?
-48
Calculate -14 - (-22 - 10) - 3.
15
What is the value of 0 - -44 - (13 + -35 + -3 + 41)?
28
(-8 - -3) + (-9 - -6) + 40
32
Calculate 23 + (-4 - (-14 - (-6 + -3) - 1)) + -7.
18
What is the value of 27 - (11 + 6 - -1) - (-2 + 35)?
-24
Calculate -2 - 13 - ((1 - 2) + (-305 - -302)).
-11
What is the value of 117 + 106 + -199 + (32 - 1)?
55
What is 50 - (1182 - 1194 - (-1 - 1 - (-1 + 22)))?
39
What is the value of (1 - 35) + 30416 + -30367?
15
What is 90 + (-3 + 3 - 16) - (-20 + 42)?
52
-1 + -12 + (4 - -8) - -35
34
What is 29 - (-2 - (16 - (37 - (-3 + 13))))?
20
Calculate 46 + (15 + -10 - (6 + (2 - 2) + -4)).
49
Evaluate 1 + (-9 - -10) + -6 + 119 + -1 + -6.
108
Calculate -1605 + 1614 + (-5 - -3) + 21.
28
Calculate (-17 - (-7 - 0) - (6 - -2)) + -7.
-25
Calculate 6 + 2 + -3 - (192 + -91 + -220).
124
Evaluate -43 + -48 + (-35 - -89).
-37
2 + 0 + 25 + (3 - 2) - (-98 - -103)
23
What is (50 - (-14 + 84)) + (-5 - -52)?
27
What is the value of 54 + 20 + -43 - -12?
43
Evaluate (21 - 0) + 0 + (-14 - -20 - -2).
29
Calculate 18 - (49 - (49 - 24)) - (2 - 37).
29
Evaluate (9 - 7) + (59 - -16) + (25 - 21).
81
-23 - (24 + -26 - (-2 + 1 - -1 - 4))
-25
What is the value of 27 + (-12 - -31 - 47) - (-1 + -1 + 16)?
-15
What is the value of (-7 - 98 - -18) + 34 - -36?
-17
What is (2 - -5) + 20 + -43 + -55?
-71
What is the value of -89 + (7 + 104 - 52)?
-30
What is the value of (1 - -16) + (152 - 153) - -75?
91
Evaluate (-87 - -195 - (8 + 2 + -4)) + 2 + 7.
111
What is the value of -32 + 81 + -4 + -2?
43
Evaluate 42 - (-53 + -4 + 87).
12
What is the value of -31 - -15 - (-18 + 95 + 56)?
-149
Calculate -57 - -44 - (15 + (-2 - 1) - -2).
-27
What is -8 - (-23 - (21 - -7)) - (4 - 0)?
39
Calculate -8 + -1 - -3 - (-4 - -31) - -1.
-32
-88 + (13 - (2 - -1)) + (-353 - -349)
-82
Calculate -2451 + 2493 + (-79 - 0).
-37
0 + 8 + ((-8 + 7 - 11) + 11 - 32)
-25
Calculate 62 + 30 + -49 + -96.
-53
Evaluate 595 - 609 - (3 + (-10 - 0)) - (2 - 10).
1
Evaluate (25 - (25 + 24 - 31)) + -25.
-18
What is 2 - ((51 - 15) + -42)?
8
What is 15 + (194 - 155 - (1 + 9)) + -12?
32
(100 - (-1 - -62)) + -30
9
Calculate (-18 - (-8 + 5)) + -35 + (9 - -20).
-21
36 + (-3 + -20 - (-10 - 1) - 1 - -13)
36
-7 + -7 + 13 - (-1 + -16)
16
(5 - -6) + (5 - (16 + -7)) - -61
68
-124 + (-92 - (-251 - -133))
-98
Calculate (-7 + 2 + 2 - 0) + 32 + (-8 - 20).
1
What is 49 + 16 + -16 + 6 + (-27 - -12)?
40
Calculate 112 + 0 + (201 - (49 + 171)).
93
Evaluate (61 - -4) + -3 + 10 + -26 + 32.
78
What is -22 + 41 + -41 + 27 + (0 - (1 + 63))?
-59
What is -6 + 6 + -4 + 2 + (-8 - (-19 - -8))?
1
What is the value of -83 - (39 + 26 + -199)?
51
What is (27 + -52 - (5 - 16)) + 53?
39
Calculate -26 + (25 - -61 - 8).
52
Evaluate -96 + 56 + 60 + (0 - 12).
8
Evaluate -31 + (15 - 0 - (96 - 100)).
-12
What is -44 - (-78 + -35 - -83)?
-14
Evaluate 2 + 0 + (-14 - -8) + (19 - 6).
9
Evaluate (50 - 33) + (0 - 3) + (-10 - 2).
2
Calculate (-3946 - -4027) + -138 + 2.
-55
What is the value of 21 + (-118 - -70) + 1 + -3?
-29
What is (15 - 2 - 38) + 1 + 1 - 16?
-39
Evaluate (37 - 14 - 13) + 12 + -61.
-39
Evaluate (1 - -21) + 818 + -870.
-30
What is -6 - -3 - ((10 - 20) + 3 + -7)?
11
Evaluate -12 + (18 - (21 - 37)) + 20.
42
-153 + 213 - (31 - 2)
31
What is (17 + -7 + -20 - -1 - -26) + -72?
-55
Calculate (6 - (-11 - -1)) + (-58 - 20).
-62
What is (78 - (-63 - -149)) + 24?
16
10 + -10 - 12 - (6 - 41 - 15)
38
What is the value of -25 + -9 - (-7 + 32 + -124)?
65
What is (33 - (24 - -18) - (2 + -126)) + 0?
115
Calculate 30 + -51 - -33 - (36 - 3).
-21
Calculate 44 + 1 - 46 - -26.
25
What is (5 - (1 + -1)) + (69 + -2 + -18 - 8)?
46
Calculate (-1462 - -1509) + -5 + 3.
45
Calculate -1 + (-4 + 2 + 4 - (29 + -5)) + 3.
-20
What is 16 - (-10 + (-46 - (13 + -13 - -6))) - 12?
66
What is (-33 - -13 - -213) + -129?
64
53 - (-93 - -401 - 116)
-139
Calculate 504 + -526 - (-2 - -43).
-63
What is 72 - 169 - -92 - (-1 - -8) - 11?
-23
Evaluate 19 - (26 + (-39 + 10 - -11) + -10 + 0).
21
Calculate (-10 - -6) + 7 + (-3 - 2) + 74 + -122.
-50
Evaluate 11 + (6 + -32 - -52) + -11.
26
What is the value of -28 - (49 + -89 - -6)?
6
Evaluate -76 + -31 + 8 + 4 + 9 + -13 + -3.
-102
What is -6 + (2 - (23 + -12) - 1) - (10 + -19)?
-7
What is (17 - 1) + (22 + -40 + 25 - 22) + 130?
131
Evaluate -5 - (2 - 0) - (20 + -35) - (-75 + 132).
-49
-17 - ((-13 - 24) + (-21 - (-20 + 2)))
23
610 + -689 - (0 + -153)
74
((-4 - -8) + -27 - -14) + (2 - -2 - 24)
-29
-22 - (-19 + 0) - -6 - (-37 + 1)
39
What is (-35 + 24 - -27) + -12 + 48?
52
What is (62 - 71) + 96 - 28?
59
Evaluate -16 - (8 + -29) - -22 - -3.
30
Evaluate (-17 - (49 + -76)) + -38.
-28
Evaluate (130 - 167 - -66) + (0 - 11).
18
Evaluate (-1 + -1 + -53 - (253 - 263)) + -1 + 10.
-36
Evaluate (23 + -10 - 32 - -65) + 30.
76
-26 + -14 + 25 + 3 + 1
-11
Calculate (240 - 227) + (-1 - -9) - (-8 + 0).
29
What is 35 + (-3 - -79 - (62 + -46))?
95
Evaluate (2 - -7) + (11 - (-8 - (-1 - 9)) - 8).
10
What is (-16 - 0) + 2 + -21 + 17 + 68?
50
What is -9 + 41 + -227 + 101?
-94
Calculate 49 + (13 - -46 - 56).
52
What is 35 + 7 + (7 - (6 + -5 + 18))?
30
What is the value of -1 + -11 - ((-36 - -24) + 11 - (2 + -41))?
-50
Evaluate (-127 - (-56 + 20)) + 44.
-47
Calculate 3480 - 3563 - (1 - 57).
-27
Calculate 2 + 50 + (-3522 - -3445).
-25
Evaluate 8 + -71 - -112 - 5.
44
What is the value of (76 - 32) + -30 + 8 + -25?
-3
Calculate -5 - -144 - (1918 + -1863).
84
Calculate -2 - (13 + -41 + 43).
-17
Evaluate 10 + -92 + (-68 - -48) + (-4 - -1) + 7.
-98
What is -118 + 97 - (-17 + 3) - (-50 + -5)?
48
What is the value of (4 - (-12 + -2)) + -18 + 36?
36
Calculate (-6 - 14) + 21 + (-16 - -6 - 68).
-77
17 + (2 - -20 - 17) - 45
-23
What is the value of -3 + -27 + 46 + (4 + -91 - -5)?
-66
What is 6 + -2 + (-22 -